?
False
Is 13 a factor of 445?
False
Is 447 a multiple of 21?
False
Is 5985 a multiple of 32?
False
Is 25670 a multiple of 17?
True
Is 16330 a multiple of 115?
True
Is 32 a factor of 3232?
True
Is 19 a factor of 26391?
True
Does 94 divide 3290?
True
Is 2060 a multiple of 20?
True
Does 85 divide 1785?
True
Is 6960 a multiple of 40?
True
Does 16 divide 325?
False
Is 55 a factor of 14740?
True
Is 12 a factor of 414?
False
Does 256 divide 3584?
True
Does 20 divide 52660?
True
Does 46 divide 18768?
True
Does 148 divide 32264?
True
Is 94 a factor of 13818?
True
Is 6 a factor of 1748?
False
Is 536 a multiple of 11?
False
Is 20475 a multiple of 15?
True
Is 230 a factor of 44166?
False
Is 155 even?
False
Does 111 divide 20091?
True
Is 9 a factor of 363?
False
Is 1285 a multiple of 129?
False
Does 9 divide 108?
True
Does 3 divide 1477?
False
Is 26 a factor of 3917?
False
Does 98 divide 1274?
True
Is 14247 a multiple of 226?
False
Is 9 a factor of 18837?
True
Is 33 a factor of 992?
False
Does 15 divide 41595?
True
Does 103 divide 4841?
True
Is 44 a factor of 1716?
True
Is 12 a factor of 168?
True
Is 31962 a multiple of 14?
True
Is 42 a factor of 955?
False
Is 104 a multiple of 8?
True
Is 47 a factor of 313?
False
Does 14 divide 11270?
True
Is 115 a factor of 17940?
True
Does 45 divide 67?
False
Is 2317 a multiple of 2?
False
Does 35 divide 4865?
True
Is 71 a factor of 19667?
True
Does 40 divide 4148?
False
Is 51541 a multiple of 199?
True
Is 174 a multiple of 29?
True
Is 580 a multiple of 20?
True
Is 138 a factor of 29256?
True
Is 62 a factor of 2206?
False
Is 54 a factor of 5886?
True
Is 32 a factor of 81760?
True
Is 11 a multiple of 6?
False
Is 7956 a multiple of 36?
True
Is 6 a factor of 786?
True
Is 1036 a multiple of 61?
False
Is 12 a factor of 48519?
False
Is 22 a factor of 836?
True
Is 403 a multiple of 31?
True
Is 676 a multiple of 4?
True
Is 583 a multiple of 18?
False
Is 4152 a multiple of 6?
True
Is 2247 a multiple of 3?
True
Is 353 a multiple of 5?
False
Is 4 a factor of 209?
False
Does 82 divide 11152?
True
Is 692 a multiple of 16?
False
Is 21 a factor of 9891?
True
Is 3489 a multiple of 23?
False
Is 28 a factor of 15316?
True
Does 37 divide 5180?
True
Is 1564 a multiple of 46?
True
Is 94 a factor of 38889?
False
Does 33 divide 1206?
False
Is 22848 a multiple of 224?
True
Is 23 a factor of 828?
True
Is 38622 a multiple of 41?
True
Is 39 a factor of 1365?
True
Does 167 divide 17869?
True
Is 28 a factor of 1092?
True
Does 16 divide 34256?
True
Is 113 a factor of 148934?
True
Is 3 a factor of 581?
False
Is 111797 a multiple of 248?
False
Does 48 divide 3696?
True
Is 55 a multiple of 2?
False
Is 305 even?
False
Does 20 divide 11380?
True
Is 11 a factor of 3201?
True
Does 42 divide 2730?
True
Does 15 divide 21975?
True
Is 72937 a multiple of 433?
False
Is 531 a multiple of 23?
False
Does 63 divide 1871?
False
Is 3034 a multiple of 50?
False
Is 400 a multiple of 5?
True
Is 2250 a multiple of 25?
True
Is 3159 a multiple of 81?
True
Is 81 a factor of 243?
True
Is 4890 a multiple of 5?
True
Does 36 divide 1764?
True
Does 13 divide 1936?
False
Is 3791 a multiple of 36?
False
Is 7 a factor of 259?
True
Does 15 divide 2047?
False
Does 23 divide 40986?
True
Does 3 divide 971?
False
Is 313 a factor of 47263?
True
Is 170 a multiple of 10?
True
Is 5262 a multiple of 15?
False
Is 882 a multiple of 39?
False
Is 7 a factor of 66?
False
Does 57 divide 12084?
True
Is 112 a multiple of 8?
True
Is 3253 a multiple of 9?
False
Is 126 a factor of 63252?
True
Is 13 a factor of 26765?
False
Does 3 divide 279?
True
Is 4 a factor of 17695?
False
Is 129 a factor of 13287?
True
Does 132 divide 12540?
True
Does 16 divide 14592?
True
Does 11 divide 316?
False
Is 9 a factor of 5409?
True
Does 14 divide 167524?
True
Is 59654 a multiple of 268?
False
Is 124 a factor of 7812?
True
Is 17010 a multiple of 104?
False
Does 8 divide 68?
False
Is 181 a multiple of 6?
False
Does 8 divide 8122?
False
Is 10 a factor of 13000?
True
Is 50 a factor of 5978?
False
Is 4027 a multiple of 27?
False
Does 16 divide 4499?
False
Does 9 divide 333?
True
Is 32 a factor of 33888?
True
Is 870 a multiple of 26?
False
Does 64 divide 30720?
True
Does 91 divide 12716?
False
Is 124 a factor of 12870?
False
Is 36721 a multiple of 233?
False
Does 161 divide 74221?
True
Is 8303 a multiple of 19?
True
Does 14 divide 2716?
True
Does 23 divide 8240?
False
Does 193 divide 20598?
False
Is 47 a factor of 4042?
True
Does 21 divide 51?
False
Does 13 divide 5790?
False
Does 3 divide 46?
False
Is 77 a factor of 1848?
True
Does 9 divide 11827?
False
Is 13 a factor of 181?
False
Does 4 divide 10545?
False
Is 30 a multiple of 30?
True
Does 71 divide 285?
False
Does 6 divide 144?
True
Is 12 a factor of 24924?
True
Is 436 a multiple of 36?
False
Does 13 divide 3124?
False
Is 787 a multiple of 2?
False
Is 26 a factor of 4472?
True
Is 741 a multiple of 57?
True
Is 95 a factor of 3800?
True
Is 12 a factor of 1731?
False
Is 150 a factor of 41700?
True
Is 270 a multiple of 22?
False
Is 93 a factor of 7325?
False
Is 238 a factor of 57598?
False
Does 122 divide 555?
False
Does 11 divide 59577?
False
Is 46629 a multiple of 297?
True
Is 52344 a multiple of 16?
False
Does 16 divide 2624?
True
Does 240 divide 29518?
False
Does 45 divide 2925?
True
Is 48635 a multiple of 263?
False
Is 6 a factor of 3160?
False
Is 720 a multiple of 6?
True
Is 105 a factor of 1828?
False
Does 11 divide 111?
False
Is 115 a factor of 1537?
False
Is 475 a multiple of 9?
False
Is 3 a factor of 1224?
True
Is 67568 a multiple of 82?
True
Does 12 divide 10008?
True
Does 12 divide 1054?
False
Does 81 divide 1944?
True
Does 6 divide 12?
True
Is 1352 a multiple of 52?
True
Is 614 a multiple of 28?
False
Is 1168 a multiple of 13?
False
Is 4 a factor of 780?
True
Is 11 a factor of 1984?
False
Is 1121 a multiple of 8?
False
Does 261 divide 31989?
False
Is 256 a multiple of 25?
False
Does 39 divide 269?
False
Does 110 divide 484?
False
Is 146 a factor of 3719?
False
Is 64 a factor of 61896?
False
Is 17088 a multiple of 16?
True
Is 91 a factor of 25378?
False
Is 10191 a multiple of 79?
True
Is 123 a factor of 12223?
False
Is 41 a factor of 957?
False
Is 18 a factor of 1076?
False
Does 47 divide 329?
True
Is 33 a factor of 19602?
True
Does 12 divide 15924?
True
Is 16 a factor of 6485?
False
Is 29 a factor of 26609?
False
Is 745 a multiple of 19?
False
Is 3495 a multiple of 5?
True
Is 512 a multiple of 4?
True
Does 43 divide 10406?
True
Is 1232 a multiple of 88?
True
Is 65 a factor of 150410?
True
Does 16 divide 63344?
True
Does 170 divide 7650?
True
Does 92 divide 18997?
False
Does 19 divide 8835?
True
Is 6 a factor of 2896?
False
Is 12 a factor of 132?
True
Is 16 a factor of 2400?
True
Does 11 divide 2923?
False
Does 14 divide 562?
False
Is 969 a multiple of 13?
False
Is 31588 a multiple of 149?
True
Does 44 divide 27771?
False
Is 11 a factor of 198?
True
Does 44 divide 7814?
False
Is 12 a factor of 648?
True
Does 21 divide 17369?
False
Is 7 a factor of 1089?
False
Is 1538 a multiple of 50?
False
Is 5 a factor of 5500?
True
Is 76 a factor of 2787?
False
Does 15 divide 750?
True
Is 20 a factor of 2285?
False
Is 269 a factor of 89308?
True
Is 24 a factor of 456?
True
Does 15 divide 537?
False
Does 7 divide 202?
False
Does 18 divide 2284?
False
Is 10 a factor of 34880?
True
Is 8 a factor of 552?
True
Is 612 a multiple of 9?
True
Is 23 a factor of 3634?
True
Does 128 divide 3584?
True
Does 18 divide 1908?
True
Is 6225 a multiple of 15?
True
Is 18 a factor of 702?
True
Does 3 divide 23575?
False
Does 31 divide 8328?
False
Does 12 divide 2798?
False
Does 99 divide 495?
True
Is 41 a multiple of 3?
False
Is 1062 a multiple of 6?
True
Is 1115 a multiple of 19?
False
Is 3 a factor of 365?
False
Is 4 a factor of 84?
True
Is 57252 a multiple of 339?
False
Does 5 divide 6911?
False
Does 13 divide 1642?
False
Does 8 divide 320?
True
Does 326 divide 79473?
False
Is 124 a factor of 3046?
False
Is 13 a multiple of 3?
False
Is 32 a factor of 16384?
True
Is 656 a multiple of 82?
True
Does 12 divide 1152?
True
Is 4502 a multiple of 108?
False
Is 3 a factor of 435?
True
Is 736 even?
True
Does 61 divide 1220?
True
Is 50 a factor of 2389?
False
Does 17 divide 14841?
True
Does 9 divide 18